 hundred thousands digit of 10110967?
1
What is the hundred thousands digit of 1214813?
2
What is the tens digit of 590577?
7
What is the hundreds digit of 593671?
6
What is the thousands digit of 1703501?
3
What is the hundreds digit of 3416312?
3
What is the hundreds digit of 1873?
8
What is the hundred thousands digit of 361016?
3
What is the hundred thousands digit of 2929802?
9
What is the hundreds digit of 3439802?
8
What is the units digit of 5953175?
5
What is the thousands digit of 380259?
0
What is the tens digit of 114957?
5
What is the tens digit of 1374395?
9
What is the tens digit of 116156?
5
What is the hundred thousands digit of 563397?
5
What is the tens digit of 571155?
5
What is the hundreds digit of 2116313?
3
What is the units digit of 1385215?
5
What is the hundreds digit of 230614?
6
What is the units digit of 617981?
1
What is the tens digit of 9664?
6
What is the thousands digit of 6909773?
9
What is the millions digit of 27360383?
7
What is the hundred thousands digit of 1186844?
1
What is the ten thousands digit of 22108801?
0
What is the tens digit of 263502?
0
What is the units digit of 5603545?
5
What is the ten millions digit of 10368117?
1
What is the millions digit of 1805420?
1
What is the ten millions digit of 20813026?
2
What is the hundred thousands digit of 23511979?
5
What is the hundred thousands digit of 267384?
2
What is the tens digit of 10592599?
9
What is the ten thousands digit of 607933?
0
What is the ten thousands digit of 587464?
8
What is the thousands digit of 94993?
4
What is the hundred thousands digit of 581040?
5
What is the ten thousands digit of 9199359?
9
What is the ten thousands digit of 48967?
4
What is the ten thousands digit of 3505266?
0
What is the millions digit of 19347460?
9
What is the units digit of 961128?
8
What is the units digit of 3761816?
6
What is the thousands digit of 8917733?
7
What is the thousands digit of 207664?
7
What is the thousands digit of 2039229?
9
What is the thousands digit of 363974?
3
What is the hundred thousands digit of 1548870?
5
What is the ten thousands digit of 21744318?
4
What is the hundred thousands digit of 284875?
2
What is the ten thousands digit of 1161144?
6
What is the tens digit of 10231785?
8
What is the hundreds digit of 5401388?
3
What is the hundred thousands digit of 1679620?
6
What is the units digit of 2796195?
5
What is the hundred thousands digit of 312338?
3
What is the units digit of 70339?
9
What is the hundred thousands digit of 531188?
5
What is the millions digit of 7812626?
7
What is the ten thousands digit of 8795994?
9
What is the thousands digit of 608179?
8
What is the ten thousands digit of 926382?
2
What is the tens digit of 29838785?
8
What is the thousands digit of 724837?
4
What is the units digit of 795817?
7
What is the hundreds digit of 38943?
9
What is the tens digit of 129119?
1
What is the thousands digit of 7485180?
5
What is the ten thousands digit of 3291047?
9
What is the hundred thousands digit of 35918767?
9
What is the tens digit of 335214?
1
What is the thousands digit of 2401982?
1
What is the hundreds digit of 82551?
5
What is the tens digit of 308393?
9
What is the ten millions digit of 12364976?
1
What is the millions digit of 3622667?
3
What is the tens digit of 244664?
6
What is the tens digit of 4280466?
6
What is the thousands digit of 3033775?
3
What is the units digit of 714311?
1
What is the thousands digit of 1649885?
9
What is the thousands digit of 286978?
6
What is the hundred thousands digit of 1248554?
2
What is the tens digit of 7040882?
8
What is the units digit of 808961?
1
What is the ten thousands digit of 861792?
6
What is the ten thousands digit of 1968482?
6
What is the tens digit of 49870?
7
What is the thousands digit of 76076?
6
What is the hundred thousands digit of 1264747?
2
What is the tens digit of 6233799?
9
What is the thousands digit of 1549848?
9
What is the hundred thousands digit of 116966?
1
What is the ten thousands digit of 986569?
8
What is the units digit of 874287?
7
What is the units digit of 1071688?
8
What is the hundreds digit of 385244?
2
What is the units digit of 2968841?
1
What is the millions digit of 1514462?
1
What is the hundreds digit of 5140105?
1
What is the ten millions digit of 27771368?
2
What is the units digit of 285985?
5
What is the ten thousands digit of 6225291?
2
What is the tens digit of 1897587?
8
What is the hundred thousands digit of 352747?
3
What is the hundred thousands digit of 3386213?
3
What is the hundred thousands digit of 5520979?
5
What is the ten thousands digit of 2574672?
7
What is the hundred thousands digit of 8338495?
3
What is the tens digit of 203025?
2
What is the thousands digit of 12519349?
9
What is the hundreds digit of 165284?
2
What is the tens digit of 228496?
9
What is the hundred thousands digit of 2768306?
7
What is the millions digit of 8279922?
8
What is the tens digit of 11881142?
4
What is the hundred thousands digit of 657803?
6
What is the units digit of 1005925?
5
What is the thousands digit of 159503?
9
What is the millions digit of 4533640?
4
What is the tens digit of 324505?
0
What is the tens digit of 91589?
8
What is the tens digit of 221257?
5
What is the thousands digit of 948515?
8
What is the tens digit of 249346?
4
What is the tens digit of 339804?
0
What is the units digit of 1101410?
0
What is the tens digit of 694196?
9
What is the thousands digit of 544278?
4
What is the tens digit of 4554652?
5
What is the millions digit of 4044177?
4
What is the tens digit of 51165?
6
What is the units digit of 102245?
5
What is the millions digit of 5446640?
5
What is the tens digit of 6965361?
6
What is the tens digit of 360068?
6
What is the millions digit of 1213785?
1
What is the units digit of 5175181?
1
What is the hundred thousands digit of 573321?
5
What is the units digit of 1168723?
3
What is the hundred thousands digit of 676526?
6
What is the units digit of 386851?
1
What is the thousands digit of 14206674?
6
What is the hundred thousands digit of 180070?
1
What is the ten thousands digit of 11763694?
6
What is the hundreds digit of 11175745?
7
What is the hundreds digit of 5340500?
5
What is the ten thousands digit of 9906016?
0
What is the millions digit of 29554787?
9
What is the hundreds digit of 244991?
9
What is the hundreds digit of 17777675?
6
What is the hundreds digit of 143864?
8
What is the ten thousands digit of 1081092?
8
What is the tens digit of 3412353?
5
What is the ten thousands digit of 439743?
3
What is the hundred thousands digit of 10062398?
0
What is the hundreds digit of 6191?
1
What is the thousands digit of 344006?
4
What is the units digit of 67479?
9
What is the hundred thousands digit of 5004497?
0
What is the ten millions digit of 12204589?
1
What is the ten thousands digit of 244553?
4
What is the ten thousands digit of 142313?
4
What is the ten thousands digit of 286532?
8
What is the hundreds digit of 35563?
5
What is the units digit of 4825954?
4
What is the ten thousands digit of 3201087?
0
What is the hundred thousands digit of 1094106?
0
What is the millions digit of 9751156?
9
What is the units digit of 2553624?
4
What is the hundred thousands digit of 172981?
1
What is the ten thousands digit of 4080000?
8
What is the hundred thousands digit of 16951988?
9
What is the hundreds digit of 253384?
3
What is the tens digit of 136300?
0
What is the hundred thousands digit of 2685634?
6
What is the ten thousands digit of 506592?
0
What is the ten thousands digit of 6522657?
2
What is the millions digit of 14396122?
4
What is the ten thousands digit of 4395083?
9
What is the ten thousands digit of 1494501?
9
What is the ten thousands digit of 11490?
1
What is the units digit of 398803?
3
What is the ten thousands digit of 28394795?
9
What is the thousands digit of 283242?
3
What is the ten thousands digit of 233132?
3
What is the units digit of 1092812?
2
What is the hundred thousands digit of 1930735?
9
What is the ten thousands digit of 191041?
9
What is the ten thousands digit of 76176?
7
What is the thousands digit of 1005297?
5
What is the ten thousands digit of 7715355?
1
What is the hundreds digit of 1983670?
6
What is the tens dig